Last updated on 2025-04-30 04:50:04 CEST.
Flavor | Version | Tinstall | Tcheck | Ttotal | Status | Flags |
---|---|---|---|---|---|---|
r-devel-linux-x86_64-debian-clang | 0.2.5 | 9.95 | 76.02 | 85.97 | NOTE | |
r-devel-linux-x86_64-debian-gcc | 0.2.5 | 7.62 | 56.23 | 63.85 | NOTE | |
r-devel-linux-x86_64-fedora-clang | 0.2.5 | 134.07 | OK | |||
r-devel-linux-x86_64-fedora-gcc | 0.2.5 | 125.46 | OK | |||
r-devel-windows-x86_64 | 0.2.5 | 13.00 | 86.00 | 99.00 | OK | |
r-patched-linux-x86_64 | 0.2.5 | 9.29 | 73.33 | 82.62 | OK | |
r-release-linux-x86_64 | 0.2.5 | 8.07 | 72.83 | 80.90 | OK | |
r-release-macos-arm64 | 0.2.5 | 45.00 | OK | |||
r-release-macos-x86_64 | 0.2.5 | 73.00 | OK | |||
r-release-windows-x86_64 | 0.2.5 | 11.00 | 89.00 | 100.00 | OK | |
r-oldrel-macos-arm64 | 0.2.5 | 39.00 | OK | |||
r-oldrel-macos-x86_64 | 0.2.5 | 59.00 | OK | |||
r-oldrel-windows-x86_64 | 0.2.5 | 14.00 | 103.00 | 117.00 | OK |
Version: 0.2.5
Check: CRAN incoming feasibility
Result: NOTE
Maintainer: ‘Lin Zhang <lin.zhang@cumt.edu.cn>’
No Authors@R field in DESCRIPTION.
Please add one, modifying
Authors@R: person(given = "Lin",
family = "Zhang",
role = c("aut", "cre"),
email = "lin.zhang@cumt.edu.cn")
as necessary.
File 'R/DPBBM-internal.R' sets .Random.seed.
This is usually neither needed nor wanted.
Flavors: r-devel-linux-x86_64-debian-clang, r-devel-linux-x86_64-debian-gcc