Last updated on 2025-04-30 04:50:04 CEST.
Flavor | Version | Tinstall | Tcheck | Ttotal | Status | Flags |
---|---|---|---|---|---|---|
r-devel-linux-x86_64-debian-clang | 1.0 | 2.33 | 31.44 | 33.77 | NOTE | |
r-devel-linux-x86_64-debian-gcc | 1.0 | 2.12 | 23.45 | 25.57 | NOTE | |
r-devel-linux-x86_64-fedora-clang | 1.0 | 53.69 | OK | |||
r-devel-linux-x86_64-fedora-gcc | 1.0 | 50.04 | OK | |||
r-devel-windows-x86_64 | 1.0 | 4.00 | 53.00 | 57.00 | OK | |
r-patched-linux-x86_64 | 1.0 | 2.61 | 29.86 | 32.47 | OK | |
r-release-linux-x86_64 | 1.0 | 2.65 | 29.73 | 32.38 | OK | |
r-release-macos-arm64 | 1.0 | 21.00 | OK | |||
r-release-macos-x86_64 | 1.0 | 34.00 | OK | |||
r-release-windows-x86_64 | 1.0 | 3.00 | 51.00 | 54.00 | OK | |
r-oldrel-macos-arm64 | 1.0 | 19.00 | NOTE | |||
r-oldrel-macos-x86_64 | 1.0 | 29.00 | NOTE | |||
r-oldrel-windows-x86_64 | 1.0 | 4.00 | 57.00 | 61.00 | NOTE |
Version: 1.0
Check: CRAN incoming feasibility
Result: NOTE
Maintainer: ‘Martin Wiegand <Martin.Wiegand@manchester.ac.uk>’
No Authors@R field in DESCRIPTION.
Please add one, modifying
Authors@R: person(given = "Martin",
family = "Wiegand",
role = c("aut", "cre"),
email = "martin.wiegand@manchester.ac.uk")
as necessary.
Flavors: r-devel-linux-x86_64-debian-clang, r-devel-linux-x86_64-debian-gcc
Version: 1.0
Check: examples
Result: NOTE
Examples with CPU (user + system) or elapsed time > 5s
user system elapsed
drayl4D 6.669 0.005 8.775
Flavor: r-devel-linux-x86_64-debian-clang
Version: 1.0
Check: LazyData
Result: NOTE
'LazyData' is specified without a 'data' directory
Flavors: r-oldrel-macos-arm64, r-oldrel-macos-x86_64, r-oldrel-windows-x86_64