Last updated on 2025-04-30 04:50:04 CEST.
Flavor | Version | Tinstall | Tcheck | Ttotal | Status | Flags |
---|---|---|---|---|---|---|
r-devel-linux-x86_64-debian-clang | 1.2.0 | 15.36 | 84.07 | 99.43 | NOTE | |
r-devel-linux-x86_64-debian-gcc | 1.2.0 | 10.83 | 58.31 | 69.14 | OK | |
r-devel-linux-x86_64-fedora-clang | 1.2.0 | 154.31 | OK | |||
r-devel-linux-x86_64-fedora-gcc | 1.2.0 | 148.15 | OK | |||
r-devel-windows-x86_64 | 1.2.0 | 19.00 | 118.00 | 137.00 | OK | |
r-patched-linux-x86_64 | 1.2.0 | 13.45 | 77.22 | 90.67 | OK | |
r-release-linux-x86_64 | 1.2.0 | 13.30 | 77.12 | 90.42 | OK | |
r-release-macos-arm64 | 1.2.0 | 47.00 | OK | |||
r-release-macos-x86_64 | 1.2.0 | 87.00 | OK | |||
r-release-windows-x86_64 | 1.2.0 | 19.00 | 125.00 | 144.00 | OK | |
r-oldrel-macos-arm64 | 1.2.0 | 43.00 | OK | |||
r-oldrel-macos-x86_64 | 1.2.0 | 69.00 | OK | |||
r-oldrel-windows-x86_64 | 1.2.0 | 22.00 | 153.00 | 175.00 | OK |
Version: 1.2.0
Check: examples
Result: NOTE
Examples with CPU (user + system) or elapsed time > 5s
user system elapsed
drdid 5.664 0.374 8.16
Flavor: r-devel-linux-x86_64-debian-clang