Last updated on 2025-04-30 04:50:04 CEST.
Flavor | Version | Tinstall | Tcheck | Ttotal | Status | Flags |
---|---|---|---|---|---|---|
r-devel-linux-x86_64-debian-clang | 2.3 | 18.97 | 206.27 | 225.24 | NOTE | |
r-devel-linux-x86_64-debian-gcc | 2.3 | 15.05 | 146.79 | 161.84 | OK | |
r-devel-linux-x86_64-fedora-clang | 2.3 | 466.54 | OK | |||
r-devel-linux-x86_64-fedora-gcc | 2.3 | 503.74 | OK | |||
r-devel-windows-x86_64 | 2.3 | 30.00 | 247.00 | 277.00 | OK | |
r-patched-linux-x86_64 | 2.3 | 19.50 | 200.99 | 220.49 | OK | |
r-release-linux-x86_64 | 2.3 | 18.78 | 201.24 | 220.02 | OK | |
r-release-macos-arm64 | 2.3 | 156.00 | OK | |||
r-release-macos-x86_64 | 2.3 | 251.00 | OK | |||
r-release-windows-x86_64 | 2.3 | 31.00 | 252.00 | 283.00 | OK | |
r-oldrel-macos-arm64 | 2.3 | 122.00 | OK | |||
r-oldrel-macos-x86_64 | 2.3 | 319.00 | OK | |||
r-oldrel-windows-x86_64 | 2.3 | 32.00 | 287.00 | 319.00 | OK |
Version: 2.3
Check: examples
Result: NOTE
Examples with CPU (user + system) or elapsed time > 5s
user system elapsed
print.Edge 4.900 0.004 6.235
summary.Edge 4.872 0.007 6.703
stepEdgeParSel 4.843 0.000 5.960
roofDiff 4.770 0.008 5.695
Flavor: r-devel-linux-x86_64-debian-clang