CRAN Package Check Results for Package DRR

Last updated on 2025-04-30 04:50:04 CEST.

Flavor Version Tinstall Tcheck Ttotal Status Flags
r-devel-linux-x86_64-debian-clang 0.0.4 8.49 205.02 213.51 OK
r-devel-linux-x86_64-debian-gcc 0.0.4 5.21 131.14 136.35 OK
r-devel-linux-x86_64-fedora-clang 0.0.4 324.66 OK
r-devel-linux-x86_64-fedora-gcc 0.0.4 315.59 OK
r-devel-windows-x86_64 0.0.4 8.00 174.00 182.00 OK
r-patched-linux-x86_64 0.0.4 7.04 190.36 197.40 OK
r-release-linux-x86_64 0.0.4 6.38 192.25 198.63 OK
r-release-macos-arm64 0.0.4 100.00 OK
r-release-macos-x86_64 0.0.4 232.00 OK
r-release-windows-x86_64 0.0.4 8.00 176.00 184.00 OK
r-oldrel-macos-arm64 0.0.4 84.00 NOTE
r-oldrel-macos-x86_64 0.0.4 138.00 NOTE
r-oldrel-windows-x86_64 0.0.4 10.00 242.00 252.00 NOTE

Check Details

Version: 0.0.4
Check: LazyData
Result: NOTE 'LazyData' is specified without a 'data' directory Flavors: r-oldrel-macos-arm64, r-oldrel-macos-x86_64, r-oldrel-windows-x86_64