CRAN Package Check Results for Package DRviaSPCN

Last updated on 2025-04-30 04:50:04 CEST.

Flavor Version Tinstall Tcheck Ttotal Status Flags
r-devel-linux-x86_64-debian-clang 0.1.5 61.79 465.03 526.82 OK
r-devel-linux-x86_64-debian-gcc 0.1.5 43.61 335.21 378.82 OK
r-devel-linux-x86_64-fedora-clang 0.1.5 891.32 OK
r-devel-linux-x86_64-fedora-gcc 0.1.5 790.32 OK
r-devel-windows-x86_64 0.1.5 60.00 386.00 446.00 OK
r-patched-linux-x86_64 0.1.5 57.05 438.01 495.06 OK
r-release-linux-x86_64 0.1.5 54.06 431.31 485.37 OK
r-release-macos-arm64 0.1.5 216.00 OK
r-release-macos-x86_64 0.1.5 417.00 OK
r-release-windows-x86_64 0.1.5 59.00 388.00 447.00 OK
r-oldrel-macos-arm64 0.1.5 182.00 NOTE
r-oldrel-macos-x86_64 0.1.5 326.00 NOTE
r-oldrel-windows-x86_64 0.1.5 66.00 501.00 567.00 OK

Additional issues

gcc-UBSAN

Check Details

Version: 0.1.5
Check: installed package size
Result: NOTE installed size is 5.6Mb sub-directories of 1Mb or more: data 5.4Mb Flavors: r-oldrel-macos-arm64, r-oldrel-macos-x86_64