Last updated on 2025-04-30 04:50:04 CEST.
Flavor | Version | Tinstall | Tcheck | Ttotal | Status | Flags |
---|---|---|---|---|---|---|
r-devel-linux-x86_64-debian-clang | 0.9.6 | 10.87 | 199.52 | 210.39 | NOTE | |
r-devel-linux-x86_64-debian-gcc | 0.9.6 | 6.64 | 119.60 | 126.24 | NOTE | |
r-devel-linux-x86_64-fedora-clang | 0.9.6 | 360.27 | OK | |||
r-devel-linux-x86_64-fedora-gcc | 0.9.6 | 365.46 | OK | |||
r-devel-windows-x86_64 | 0.9.6 | 12.00 | 208.00 | 220.00 | OK | |
r-patched-linux-x86_64 | 0.9.6 | 11.30 | 184.50 | 195.80 | OK | |
r-release-linux-x86_64 | 0.9.6 | 8.38 | 182.45 | 190.83 | OK | |
r-release-macos-arm64 | 0.9.6 | 84.00 | OK | |||
r-release-macos-x86_64 | 0.9.6 | 192.00 | OK | |||
r-release-windows-x86_64 | 0.9.6 | 13.00 | 193.00 | 206.00 | OK | |
r-oldrel-macos-arm64 | 0.9.6 | 82.00 | OK | |||
r-oldrel-macos-x86_64 | 0.9.6 | 127.00 | OK | |||
r-oldrel-windows-x86_64 | 0.9.6 | 15.00 | 266.00 | 281.00 | OK |
Version: 0.9.6
Check: examples
Result: NOTE
Examples with CPU (user + system) or elapsed time > 5s
user system elapsed
simulate_chronicvirusir_ode 7.09 0.024 8.396
Flavor: r-devel-linux-x86_64-debian-clang
Version: 0.9.6
Check: examples
Result: NOTE
Examples with CPU (user + system) or elapsed time > 5s
user system elapsed
simulate_chronicvirusir_ode 3.68 0.073 5.419
Flavor: r-devel-linux-x86_64-debian-gcc