CRAN Package Check Results for Package DSMolgenisArmadillo

Last updated on 2025-04-30 04:50:04 CEST.

Flavor Version Tinstall Tcheck Ttotal Status Flags
r-devel-linux-x86_64-debian-clang 2.0.9 6.36 57.79 64.15 OK
r-devel-linux-x86_64-debian-gcc 2.0.9 4.48 42.41 46.89 OK
r-devel-linux-x86_64-fedora-clang 2.0.9 100.02 OK
r-devel-linux-x86_64-fedora-gcc 2.0.9 153.58 OK
r-devel-windows-x86_64 2.0.9 8.00 74.00 82.00 OK
r-patched-linux-x86_64 2.0.9 5.37 52.54 57.91 OK
r-release-linux-x86_64 2.0.9 6.05 52.63 58.68 OK
r-release-macos-arm64 2.0.9 90.00 OK
r-release-macos-x86_64 2.0.9 132.00 OK
r-release-windows-x86_64 2.0.9 8.00 74.00 82.00 OK
r-oldrel-macos-arm64 2.0.9 62.00 NOTE
r-oldrel-macos-x86_64 2.0.9 129.00 NOTE
r-oldrel-windows-x86_64 2.0.9 9.00 89.00 98.00 NOTE

Check Details

Version: 2.0.9
Check: package dependencies
Result: NOTE Package suggested but not available for checking: ‘dsBaseClient’ Flavors: r-oldrel-macos-arm64, r-oldrel-macos-x86_64, r-oldrel-windows-x86_64