Last updated on 2025-04-30 04:50:04 CEST.
Flavor | Version | Tinstall | Tcheck | Ttotal | Status | Flags |
---|---|---|---|---|---|---|
r-devel-linux-x86_64-debian-clang | 1.8.2 | 68.99 | 122.18 | 191.17 | OK | |
r-devel-linux-x86_64-debian-gcc | 1.8.2 | 51.38 | 87.45 | 138.83 | OK | |
r-devel-linux-x86_64-fedora-clang | 1.8.2 | 327.87 | OK | |||
r-devel-linux-x86_64-fedora-gcc | 1.8.2 | 331.72 | OK | |||
r-devel-windows-x86_64 | 1.8.2 | 68.00 | 135.00 | 203.00 | OK | |
r-patched-linux-x86_64 | 1.8.2 | 67.76 | 115.16 | 182.92 | OK | |
r-release-linux-x86_64 | 1.8.2 | 67.01 | 113.28 | 180.29 | OK | |
r-release-macos-arm64 | 1.8.2 | 76.00 | OK | |||
r-release-macos-x86_64 | 1.8.2 | 134.00 | OK | |||
r-release-windows-x86_64 | 1.8.2 | 70.00 | 139.00 | 209.00 | OK | |
r-oldrel-macos-arm64 | 1.8.2 | 77.00 | NOTE | |||
r-oldrel-macos-x86_64 | 1.8.2 | 105.00 | NOTE | |||
r-oldrel-windows-x86_64 | 1.8.2 | 86.00 | 183.00 | 269.00 | OK |
Version: 1.8.2
Check: installed package size
Result: NOTE
installed size is 8.2Mb
sub-directories of 1Mb or more:
data 2.8Mb
libs 5.1Mb
Flavors: r-oldrel-macos-arm64, r-oldrel-macos-x86_64