Last updated on 2025-04-30 04:50:04 CEST.
Flavor | Version | Tinstall | Tcheck | Ttotal | Status | Flags |
---|---|---|---|---|---|---|
r-devel-linux-x86_64-debian-clang | 1.0.2 | 11.64 | 32.19 | 43.83 | NOTE | |
r-devel-linux-x86_64-debian-gcc | 1.0.2 | 7.76 | 23.58 | 31.34 | NOTE | |
r-devel-linux-x86_64-fedora-clang | 1.0.2 | 74.95 | NOTE | |||
r-devel-linux-x86_64-fedora-gcc | 1.0.2 | 68.87 | NOTE | |||
r-devel-windows-x86_64 | 1.0.2 | 16.00 | 68.00 | 84.00 | NOTE | |
r-patched-linux-x86_64 | 1.0.2 | 12.76 | 30.67 | 43.43 | NOTE | |
r-release-linux-x86_64 | 1.0.2 | 12.61 | 30.52 | 43.13 | NOTE | |
r-release-macos-arm64 | 1.0.2 | 24.00 | NOTE | |||
r-release-macos-x86_64 | 1.0.2 | 38.00 | NOTE | |||
r-release-windows-x86_64 | 1.0.2 | 16.00 | 69.00 | 85.00 | NOTE | |
r-oldrel-macos-arm64 | 1.0.2 | 25.00 | NOTE | |||
r-oldrel-macos-x86_64 | 1.0.2 | 39.00 | NOTE | |||
r-oldrel-windows-x86_64 | 1.0.2 | 18.00 | 78.00 | 96.00 | NOTE |
Version: 1.0.2
Check: Rd files
Result: NOTE
checkRd: (-1) DTDAcif.Rd:32: Lost braces in \itemize; \value handles \item{}{} directly
checkRd: (-1) DTDAcif.Rd:33: Lost braces in \itemize; \value handles \item{}{} directly
checkRd: (-1) DTDAcif.Rd:34: Lost braces in \itemize; \value handles \item{}{} directly
checkRd: (-1) DTDAcif.Rd:35: Lost braces in \itemize; \value handles \item{}{} directly
checkRd: (-1) DTDAcif.Rd:36: Lost braces in \itemize; \value handles \item{}{} directly
Flavors: r-devel-linux-x86_64-debian-clang, r-devel-linux-x86_64-debian-gcc, r-devel-linux-x86_64-fedora-clang, r-devel-linux-x86_64-fedora-gcc, r-devel-windows-x86_64, r-patched-linux-x86_64, r-release-linux-x86_64, r-release-macos-arm64, r-release-macos-x86_64, r-release-windows-x86_64, r-oldrel-macos-arm64, r-oldrel-macos-x86_64, r-oldrel-windows-x86_64
Version: 1.0.2
Check: examples
Result: NOTE
Examples with CPU (user + system) or elapsed time > 5s
user system elapsed
DTDAcif 5.496 0.006 6.416
Flavor: r-devel-linux-x86_64-debian-clang
Version: 1.0.2
Check: LazyData
Result: NOTE
'LazyData' is specified without a 'data' directory
Flavors: r-oldrel-macos-arm64, r-oldrel-macos-x86_64, r-oldrel-windows-x86_64