Last updated on 2025-04-30 04:50:04 CEST.
Flavor | Version | Tinstall | Tcheck | Ttotal | Status | Flags |
---|---|---|---|---|---|---|
r-devel-linux-x86_64-debian-clang | 1.1.0 | 24.66 | 37.26 | 61.92 | NOTE | |
r-devel-linux-x86_64-debian-gcc | 1.1.0 | 19.38 | 28.21 | 47.59 | OK | |
r-devel-linux-x86_64-fedora-clang | 1.1.0 | 104.57 | OK | |||
r-devel-linux-x86_64-fedora-gcc | 1.1.0 | 109.53 | OK | |||
r-devel-windows-x86_64 | 1.1.0 | 28.00 | 76.00 | 104.00 | OK | |
r-patched-linux-x86_64 | 1.1.0 | 25.81 | 37.62 | 63.43 | OK | |
r-release-linux-x86_64 | 1.1.0 | 26.46 | 37.44 | 63.90 | OK | |
r-release-macos-arm64 | 1.1.0 | 40.00 | OK | |||
r-release-macos-x86_64 | 1.1.0 | 64.00 | OK | |||
r-release-windows-x86_64 | 1.1.0 | 28.00 | 76.00 | 104.00 | OK | |
r-oldrel-macos-arm64 | 1.1.0 | 37.00 | NOTE | |||
r-oldrel-macos-x86_64 | 1.1.0 | 50.00 | NOTE | |||
r-oldrel-windows-x86_64 | 1.1.0 | 30.00 | 89.00 | 119.00 | OK |
Version: 1.1.0
Check: examples
Result: NOTE
Examples with CPU (user + system) or elapsed time > 5s
user system elapsed
predict.DTR.Boots.KernSmooth 4.289 0.001 6.076
Flavor: r-devel-linux-x86_64-debian-clang
Version: 1.1.0
Check: installed package size
Result: NOTE
installed size is 13.2Mb
sub-directories of 1Mb or more:
libs 13.1Mb
Flavors: r-oldrel-macos-arm64, r-oldrel-macos-x86_64