Last updated on 2025-04-30 04:50:04 CEST.
Flavor | Version | Tinstall | Tcheck | Ttotal | Status | Flags |
---|---|---|---|---|---|---|
r-devel-linux-x86_64-debian-clang | 0.2-0 | 7.27 | 62.69 | 69.96 | NOTE | |
r-devel-linux-x86_64-debian-gcc | 0.2-0 | 5.14 | 46.50 | 51.64 | NOTE | |
r-devel-linux-x86_64-fedora-clang | 0.2-0 | 106.50 | OK | |||
r-devel-linux-x86_64-fedora-gcc | 0.2-0 | 100.82 | OK | |||
r-devel-windows-x86_64 | 0.2-0 | 7.00 | 76.00 | 83.00 | OK | |
r-patched-linux-x86_64 | 0.2-0 | 7.03 | 59.75 | 66.78 | OK | |
r-release-linux-x86_64 | 0.2-0 | 5.64 | 59.87 | 65.51 | OK | |
r-release-macos-arm64 | 0.2-0 | 39.00 | OK | |||
r-release-macos-x86_64 | 0.2-0 | 63.00 | OK | |||
r-release-windows-x86_64 | 0.2-0 | 7.00 | 75.00 | 82.00 | OK | |
r-oldrel-macos-arm64 | 0.2-0 | 35.00 | OK | |||
r-oldrel-macos-x86_64 | 0.2-0 | 87.00 | OK | |||
r-oldrel-windows-x86_64 | 0.2-0 | 9.00 | 85.00 | 94.00 | OK |
Version: 0.2-0
Check: examples
Result: NOTE
Examples with CPU (user + system) or elapsed time > 5s
user system elapsed
genDWD 8.739 0.06 11.604
Flavor: r-devel-linux-x86_64-debian-clang
Version: 0.2-0
Check: examples
Result: NOTE
Examples with CPU (user + system) or elapsed time > 5s
user system elapsed
genDWD 5.136 0.092 6.362
Flavor: r-devel-linux-x86_64-debian-gcc