CRAN Package Check Results for Package DamageDetective

Last updated on 2025-04-30 04:50:03 CEST.

Flavor Version Tinstall Tcheck Ttotal Status Flags
r-devel-linux-x86_64-debian-clang 1.0.0 14.61 282.98 297.59 NOTE
r-devel-linux-x86_64-debian-gcc 1.0.0 9.94 212.66 222.60 NOTE
r-devel-linux-x86_64-fedora-clang 1.0.0 480.01 OK
r-devel-linux-x86_64-fedora-gcc 1.0.0 505.84 OK
r-devel-windows-x86_64 1.0.0 14.00 363.00 377.00 OK
r-patched-linux-x86_64 1.0.0 11.26 280.98 292.24 OK
r-release-linux-x86_64 1.0.0 12.55 278.62 291.17 OK
r-release-macos-arm64 1.0.0 169.00 OK
r-release-macos-x86_64 1.0.0 304.00 OK
r-release-windows-x86_64 1.0.0 14.00 373.00 387.00 OK
r-oldrel-macos-arm64 1.0.0 168.00 OK
r-oldrel-macos-x86_64 1.0.0 310.00 OK
r-oldrel-windows-x86_64 1.0.0 18.00 485.00 503.00 OK

Check Details

Version: 1.0.0
Check: examples
Result: NOTE Examples with CPU (user + system) or elapsed time > 5s user system elapsed detect_damage 6.569 0.155 8.64 Flavor: r-devel-linux-x86_64-debian-clang

Version: 1.0.0
Check: examples
Result: NOTE Examples with CPU (user + system) or elapsed time > 5s user system elapsed detect_damage 4.998 0.171 6.254 Flavor: r-devel-linux-x86_64-debian-gcc