Last updated on 2025-04-30 04:50:03 CEST.
Flavor | Version | Tinstall | Tcheck | Ttotal | Status | Flags |
---|---|---|---|---|---|---|
r-devel-linux-x86_64-debian-clang | 1.0.0 | 15.86 | 102.68 | 118.54 | NOTE | |
r-devel-linux-x86_64-debian-gcc | 1.0.0 | 10.37 | 72.07 | 82.44 | NOTE | |
r-devel-linux-x86_64-fedora-clang | 1.0.0 | 171.65 | OK | |||
r-devel-linux-x86_64-fedora-gcc | 1.0.0 | 162.84 | OK | |||
r-devel-windows-x86_64 | 1.0.0 | 14.00 | 100.00 | 114.00 | OK | |
r-patched-linux-x86_64 | 1.0.0 | 15.65 | 96.60 | 112.25 | OK | |
r-release-linux-x86_64 | 1.0.0 | 14.08 | 96.20 | 110.28 | OK | |
r-release-macos-arm64 | 1.0.0 | 50.00 | OK | |||
r-release-macos-x86_64 | 1.0.0 | 96.00 | OK | |||
r-release-windows-x86_64 | 1.0.0 | 16.00 | 106.00 | 122.00 | OK | |
r-oldrel-macos-arm64 | 1.0.0 | 48.00 | OK | |||
r-oldrel-macos-x86_64 | 1.0.0 | 72.00 | OK | |||
r-oldrel-windows-x86_64 | 1.0.0 | 19.00 | 129.00 | 148.00 | OK |
Version: 1.0.0
Check: CRAN incoming feasibility
Result: NOTE
Maintainer: ‘Damian Siniakowicz <DamianSiniakowicz@gmail.com>’
No Authors@R field in DESCRIPTION.
Please add one, modifying
Authors@R: person(given = "Damian",
family = "Siniakowicz",
role = c("aut", "cre"),
email = "damiansiniakowicz@gmail.com")
as necessary.
Flavors: r-devel-linux-x86_64-debian-clang, r-devel-linux-x86_64-debian-gcc