Last updated on 2025-04-30 04:50:03 CEST.
Flavor | Version | Tinstall | Tcheck | Ttotal | Status | Flags |
---|---|---|---|---|---|---|
r-devel-linux-x86_64-debian-clang | 2.1.0 | 2.68 | 31.37 | 34.05 | NOTE | |
r-devel-linux-x86_64-debian-gcc | 2.1.0 | 1.86 | 23.68 | 25.54 | OK | |
r-devel-linux-x86_64-fedora-clang | 2.1.0 | 51.14 | OK | |||
r-devel-linux-x86_64-fedora-gcc | 2.1.0 | 63.09 | OK | |||
r-devel-windows-x86_64 | 2.1.0 | 4.00 | 55.00 | 59.00 | OK | |
r-patched-linux-x86_64 | 2.1.0 | 2.28 | 28.38 | 30.66 | OK | |
r-release-linux-x86_64 | 2.1.0 | 1.91 | 28.44 | 30.35 | OK | |
r-release-macos-arm64 | 2.1.0 | 75.00 | OK | |||
r-release-macos-x86_64 | 2.1.0 | 124.00 | OK | |||
r-release-windows-x86_64 | 2.1.0 | 4.00 | 55.00 | 59.00 | OK | |
r-oldrel-macos-arm64 | 2.1.0 | 64.00 | OK | |||
r-oldrel-macos-x86_64 | 2.1.0 | 131.00 | OK | |||
r-oldrel-windows-x86_64 | 2.1.0 | 4.00 | 58.00 | 62.00 | OK |
Version: 2.1.0
Check: examples
Result: NOTE
Examples with CPU (user + system) or elapsed time > 5s
user system elapsed
dgnpop 4.858 0.004 5.994
Flavor: r-devel-linux-x86_64-debian-clang