Last updated on 2025-02-21 03:52:10 CET.
Flavor | Version | Tinstall | Tcheck | Ttotal | Status | Flags |
---|---|---|---|---|---|---|
r-devel-linux-x86_64-debian-clang | 2.0.4 | 16.16 | 29.09 | 45.25 | OK | |
r-devel-linux-x86_64-debian-gcc | 2.0.4 | 12.18 | 22.20 | 34.38 | OK | |
r-devel-linux-x86_64-fedora-clang | 2.0.4 | 74.26 | NOTE | |||
r-devel-linux-x86_64-fedora-gcc | 2.0.4 | 68.77 | NOTE | |||
r-devel-macos-arm64 | 2.0.4 | 32.00 | OK | |||
r-devel-macos-x86_64 | 2.0.4 | 49.00 | OK | |||
r-devel-windows-x86_64 | 2.0.4 | 17.00 | 53.00 | 70.00 | OK | |
r-patched-linux-x86_64 | 2.0.4 | 16.69 | 27.58 | 44.27 | OK | |
r-release-linux-x86_64 | 2.0.4 | 16.60 | 27.51 | 44.11 | OK | |
r-release-macos-arm64 | 2.0.4 | 32.00 | OK | |||
r-release-macos-x86_64 | 2.0.4 | 41.00 | OK | |||
r-release-windows-x86_64 | 2.0.4 | 17.00 | 53.00 | 70.00 | OK | |
r-oldrel-macos-arm64 | 2.0.4 | 32.00 | OK | |||
r-oldrel-macos-x86_64 | 2.0.4 | 53.00 | OK | |||
r-oldrel-windows-x86_64 | 2.0.4 | 21.00 | 77.00 | 98.00 | OK |
Version: 2.0.4
Check: dependencies in R code
Result: NOTE
Namespaces in Imports field not imported from:
‘jsonlite’ ‘methods’
All declared Imports should be used.
Flavors: r-devel-linux-x86_64-fedora-clang, r-devel-linux-x86_64-fedora-gcc