Last updated on 2025-04-30 04:50:03 CEST.
Flavor | Version | Tinstall | Tcheck | Ttotal | Status | Flags |
---|---|---|---|---|---|---|
r-devel-linux-x86_64-debian-clang | 0.1.0 | 2.10 | 33.65 | 35.75 | NOTE | |
r-devel-linux-x86_64-debian-gcc | 0.1.0 | 1.60 | 24.61 | 26.21 | NOTE | |
r-devel-linux-x86_64-fedora-clang | 0.1.0 | 54.72 | OK | |||
r-devel-linux-x86_64-fedora-gcc | 0.1.0 | 55.01 | OK | |||
r-devel-windows-x86_64 | 0.1.0 | 3.00 | 55.00 | 58.00 | OK | |
r-patched-linux-x86_64 | 0.1.0 | 1.79 | 31.53 | 33.32 | OK | |
r-release-linux-x86_64 | 0.1.0 | 2.08 | 31.95 | 34.03 | OK | |
r-release-macos-arm64 | 0.1.0 | 21.00 | OK | |||
r-release-macos-x86_64 | 0.1.0 | 41.00 | OK | |||
r-release-windows-x86_64 | 0.1.0 | 3.00 | 55.00 | 58.00 | OK | |
r-oldrel-macos-arm64 | 0.1.0 | 20.00 | OK | |||
r-oldrel-macos-x86_64 | 0.1.0 | 34.00 | OK | |||
r-oldrel-windows-x86_64 | 0.1.0 | 4.00 | 59.00 | 63.00 | OK |
Version: 0.1.0
Check: CRAN incoming feasibility
Result: NOTE
Maintainer: ‘Oleksandr Castello <alexander-castello@libero.it>’
No Authors@R field in DESCRIPTION.
Please add one, modifying
Authors@R: person(given = "Oleksandr",
family = "Castello",
role = c("ctb", "cre", "aut"),
email = "alexander-castello@libero.it")
as necessary.
Flavors: r-devel-linux-x86_64-debian-clang, r-devel-linux-x86_64-debian-gcc
Version: 0.1.0
Check: examples
Result: NOTE
Examples with CPU (user + system) or elapsed time > 5s
user system elapsed
DRF.5F.rates 5.472 0.077 6.663
DRF.5F.tVar 5.154 0.025 6.317
Flavor: r-devel-linux-x86_64-debian-clang