Last updated on 2025-02-22 05:51:33 CET.
Flavor | Version | Tinstall | Tcheck | Ttotal | Status | Flags |
---|---|---|---|---|---|---|
r-devel-linux-x86_64-debian-clang | 1.14.1 | 1.89 | 21.58 | 23.47 | NOTE | |
r-devel-linux-x86_64-debian-gcc | 1.14.1 | 1.54 | 17.56 | 19.10 | NOTE | |
r-devel-linux-x86_64-fedora-clang | 1.14.1 | 36.98 | NOTE | |||
r-devel-linux-x86_64-fedora-gcc | 1.14.1 | 35.46 | NOTE | |||
r-devel-macos-arm64 | 1.14.1 | 19.00 | OK | |||
r-devel-macos-x86_64 | 1.14.1 | 26.00 | NOTE | |||
r-devel-windows-x86_64 | 1.14.1 | 3.00 | 55.00 | 58.00 | NOTE | |
r-patched-linux-x86_64 | 1.14.1 | 1.51 | 20.58 | 22.09 | OK | |
r-release-linux-x86_64 | 1.14.1 | 1.55 | 20.33 | 21.88 | OK | |
r-release-macos-arm64 | 1.14.1 | 17.00 | OK | |||
r-release-macos-x86_64 | 1.14.1 | 25.00 | OK | |||
r-release-windows-x86_64 | 1.14.1 | 4.00 | 43.00 | 47.00 | OK | |
r-oldrel-macos-arm64 | 1.14.1 | 20.00 | OK | |||
r-oldrel-macos-x86_64 | 1.14.1 | 28.00 | OK | |||
r-oldrel-windows-x86_64 | 1.14.1 | 3.00 | 44.00 | 47.00 | OK |
Version: 1.14.1
Check: DESCRIPTION meta-information
Result: NOTE
Missing dependency on R >= 4.1.0 because package code uses the pipe
|> or function shorthand \(...) syntax added in R 4.1.0.
File(s) using such syntax:
‘Caswell.R’
Flavors: r-devel-linux-x86_64-debian-clang, r-devel-linux-x86_64-debian-gcc, r-devel-linux-x86_64-fedora-clang, r-devel-linux-x86_64-fedora-gcc, r-devel-macos-x86_64, r-devel-windows-x86_64