Last updated on 2025-04-30 04:50:03 CEST.
Flavor | Version | Tinstall | Tcheck | Ttotal | Status | Flags |
---|---|---|---|---|---|---|
r-devel-linux-x86_64-debian-clang | 1.2.1 | 3.04 | 236.04 | 239.08 | NOTE | |
r-devel-linux-x86_64-debian-gcc | 1.2.1 | 2.44 | 143.38 | 145.82 | OK | |
r-devel-linux-x86_64-fedora-clang | 1.2.1 | 366.16 | OK | |||
r-devel-linux-x86_64-fedora-gcc | 1.2.1 | 361.40 | OK | |||
r-devel-windows-x86_64 | 1.2.1 | 6.00 | 232.00 | 238.00 | OK | |
r-patched-linux-x86_64 | 1.2.1 | 3.80 | 222.14 | 225.94 | OK | |
r-release-linux-x86_64 | 1.2.1 | 3.07 | 220.00 | 223.07 | OK | |
r-release-macos-arm64 | 1.2.1 | 86.00 | OK | |||
r-release-macos-x86_64 | 1.2.1 | 211.00 | OK | |||
r-release-windows-x86_64 | 1.2.1 | 6.00 | 230.00 | 236.00 | OK | |
r-oldrel-macos-arm64 | 1.2.1 | 86.00 | NOTE | |||
r-oldrel-macos-x86_64 | 1.2.1 | 154.00 | NOTE | |||
r-oldrel-windows-x86_64 | 1.2.1 | 6.00 | 296.00 | 302.00 | NOTE |
Version: 1.2.1
Check: examples
Result: NOTE
Examples with CPU (user + system) or elapsed time > 5s
user system elapsed
subBoxes 6.466 0.004 7.108
subLines 6.078 0.004 8.327
plotDeplogo 5.679 0.015 6.991
Flavor: r-devel-linux-x86_64-debian-clang
Version: 1.2.1
Check: installed package size
Result: NOTE
installed size is 7.1Mb
sub-directories of 1Mb or more:
doc 4.8Mb
extdata 2.1Mb
Flavors: r-oldrel-macos-arm64, r-oldrel-macos-x86_64, r-oldrel-windows-x86_64