Last updated on 2025-04-30 04:50:03 CEST.
Flavor | Version | Tinstall | Tcheck | Ttotal | Status | Flags |
---|---|---|---|---|---|---|
r-devel-linux-x86_64-debian-clang | 1.0.11 | 20.46 | 194.32 | 214.78 | OK | |
r-devel-linux-x86_64-debian-gcc | 1.0.11 | 12.10 | 126.07 | 138.17 | OK | |
r-devel-linux-x86_64-fedora-clang | 1.0.11 | 345.33 | OK | |||
r-devel-linux-x86_64-fedora-gcc | 1.0.11 | 313.18 | OK | |||
r-devel-windows-x86_64 | 1.0.11 | 24.00 | 268.00 | 292.00 | OK | |
r-patched-linux-x86_64 | 1.0.11 | 24.27 | 186.92 | 211.19 | OK | |
r-release-linux-x86_64 | 1.0.11 | 17.75 | 184.88 | 202.63 | OK | |
r-release-macos-arm64 | 1.0.11 | 85.00 | OK | |||
r-release-macos-x86_64 | 1.0.11 | 178.00 | OK | |||
r-release-windows-x86_64 | 1.0.11 | 25.00 | 262.00 | 287.00 | OK | |
r-oldrel-macos-arm64 | 1.0.11 | 88.00 | NOTE | |||
r-oldrel-macos-x86_64 | 1.0.11 | 129.00 | OK | |||
r-oldrel-windows-x86_64 | 1.0.11 | 27.00 | 335.00 | 362.00 | OK |
Version: 1.0.11
Check: package dependencies
Result: NOTE
Package suggested but not available for checking: ‘testthat’
Flavor: r-oldrel-macos-arm64