Last updated on 2025-04-30 04:50:03 CEST.
Flavor | Version | Tinstall | Tcheck | Ttotal | Status | Flags |
---|---|---|---|---|---|---|
r-devel-linux-x86_64-debian-clang | 1.6.1 | 3.04 | 29.55 | 32.59 | NOTE | |
r-devel-linux-x86_64-debian-gcc | 1.6.1 | 2.33 | 23.77 | 26.10 | NOTE | |
r-devel-linux-x86_64-fedora-clang | 1.6.1 | 50.34 | OK | |||
r-devel-linux-x86_64-fedora-gcc | 1.6.1 | 48.39 | OK | |||
r-devel-windows-x86_64 | 1.6.1 | 4.00 | 55.00 | 59.00 | OK | |
r-patched-linux-x86_64 | 1.6.1 | 3.09 | 28.64 | 31.73 | OK | |
r-release-linux-x86_64 | 1.6.1 | 2.69 | 28.80 | 31.49 | OK | |
r-release-macos-arm64 | 1.6.1 | 21.00 | OK | |||
r-release-macos-x86_64 | 1.6.1 | 33.00 | OK | |||
r-release-windows-x86_64 | 1.6.1 | 5.00 | 53.00 | 58.00 | OK | |
r-oldrel-macos-arm64 | 1.6.1 | 18.00 | OK | |||
r-oldrel-macos-x86_64 | 1.6.1 | 28.00 | OK | |||
r-oldrel-windows-x86_64 | 1.6.1 | 4.00 | 56.00 | 60.00 | OK |
Version: 1.6.1
Check: CRAN incoming feasibility
Result: NOTE
Maintainer: ‘C. Helbert <Celine.Helbert@ec-lyon.fr>’
No Authors@R field in DESCRIPTION.
Please add one, modifying
Authors@R: c(person(given = "D.",
family = "Dupuy",
role = "aut"),
person(given = "C.",
family = "Helbert",
role = c("aut", "cre"),
email = "celine.helbert@ec-lyon.fr"))
as necessary.
Flavors: r-devel-linux-x86_64-debian-clang, r-devel-linux-x86_64-debian-gcc