CRAN Package Check Results for Package DiceKriging

Last updated on 2025-04-30 04:50:03 CEST.

Flavor Version Tinstall Tcheck Ttotal Status Flags
r-devel-linux-x86_64-debian-clang 1.6.0 7.48 60.88 68.36 NOTE
r-devel-linux-x86_64-debian-gcc 1.6.0 5.56 45.24 50.80 NOTE
r-devel-linux-x86_64-fedora-clang 1.6.0 107.82 OK
r-devel-linux-x86_64-fedora-gcc 1.6.0 103.41 OK
r-devel-windows-x86_64 1.6.0 12.00 101.00 113.00 OK
r-patched-linux-x86_64 1.6.0 9.40 59.28 68.68 OK
r-release-linux-x86_64 1.6.0 7.90 59.63 67.53 OK
r-release-macos-arm64 1.6.0 40.00 OK
r-release-macos-x86_64 1.6.0 72.00 OK
r-release-windows-x86_64 1.6.0 13.00 101.00 114.00 OK
r-oldrel-macos-arm64 1.6.0 48.00 OK
r-oldrel-macos-x86_64 1.6.0 54.00 OK
r-oldrel-windows-x86_64 1.6.0 15.00 101.00 116.00 OK

Check Details

Version: 1.6.0
Check: CRAN incoming feasibility
Result: NOTE Maintainer: ‘Olivier Roustant <roustant@insa-toulouse.fr>’ No Authors@R field in DESCRIPTION. Please add one, modifying Authors@R: c(person(given = "Olivier", family = "Roustant", role = c("aut", "cre"), email = "roustant@insa-toulouse.fr"), person(given = "David", family = "Ginsbourger", role = "aut"), person(given = c("Yves", "Deville.", "Contributors:", "Clement"), family = "Chevalier", role = "aut"), person(given = "Yann", family = "Richet.", role = "aut")) as necessary. Package CITATION file contains call(s) to old-style personList() or as.personList(). Please use c() on person objects instead. Package CITATION file contains call(s) to old-style citEntry(). Please use bibentry() instead. Flavors: r-devel-linux-x86_64-debian-clang, r-devel-linux-x86_64-debian-gcc