Last updated on 2025-04-30 04:50:03 CEST.
Flavor | Version | Tinstall | Tcheck | Ttotal | Status | Flags |
---|---|---|---|---|---|---|
r-devel-linux-x86_64-debian-clang | 0.13 | 5.05 | 50.57 | 55.62 | NOTE | |
r-devel-linux-x86_64-debian-gcc | 0.13 | 3.67 | 36.11 | 39.78 | NOTE | |
r-devel-linux-x86_64-fedora-clang | 0.13 | 87.40 | OK | |||
r-devel-linux-x86_64-fedora-gcc | 0.13 | 79.10 | OK | |||
r-devel-windows-x86_64 | 0.13 | 7.00 | 93.00 | 100.00 | OK | |
r-patched-linux-x86_64 | 0.13 | 5.65 | 47.29 | 52.94 | OK | |
r-release-linux-x86_64 | 0.13 | 5.08 | 46.81 | 51.89 | OK | |
r-release-macos-arm64 | 0.13 | 40.00 | OK | |||
r-release-macos-x86_64 | 0.13 | 73.00 | OK | |||
r-release-windows-x86_64 | 0.13 | 7.00 | 94.00 | 101.00 | OK | |
r-oldrel-macos-arm64 | 0.13 | 37.00 | OK | |||
r-oldrel-macos-x86_64 | 0.13 | 50.00 | OK | |||
r-oldrel-windows-x86_64 | 0.13 | 8.00 | 105.00 | 113.00 | OK |
Version: 0.13
Check: CRAN incoming feasibility
Result: NOTE
Maintainer: ‘Christian Vincenot <christian@vincenot.biz>’
No Authors@R field in DESCRIPTION.
Please add one, modifying
Authors@R: person(given = "Christian",
family = "Vincenot",
role = c("aut", "cre"),
email = "christian@vincenot.biz")
as necessary.
Flavors: r-devel-linux-x86_64-debian-clang, r-devel-linux-x86_64-debian-gcc