Last updated on 2025-04-30 04:50:03 CEST.
Flavor | Version | Tinstall | Tcheck | Ttotal | Status | Flags |
---|---|---|---|---|---|---|
r-devel-linux-x86_64-debian-clang | 0.1.10 | 4.90 | 28.94 | 33.84 | NOTE | |
r-devel-linux-x86_64-debian-gcc | 0.1.10 | 3.03 | 21.51 | 24.54 | NOTE | |
r-devel-linux-x86_64-fedora-clang | 0.1.10 | 51.34 | OK | |||
r-devel-linux-x86_64-fedora-gcc | 0.1.10 | 49.91 | OK | |||
r-devel-windows-x86_64 | 0.1.10 | 9.00 | 54.00 | 63.00 | OK | |
r-patched-linux-x86_64 | 0.1.10 | 4.08 | 26.75 | 30.83 | OK | |
r-release-linux-x86_64 | 0.1.10 | 3.91 | 27.11 | 31.02 | OK | |
r-release-macos-arm64 | 0.1.10 | 25.00 | OK | |||
r-release-macos-x86_64 | 0.1.10 | 34.00 | OK | |||
r-release-windows-x86_64 | 0.1.10 | 8.00 | 56.00 | 64.00 | OK | |
r-oldrel-macos-arm64 | 0.1.10 | 23.00 | OK | |||
r-oldrel-macos-x86_64 | 0.1.10 | 49.00 | OK | |||
r-oldrel-windows-x86_64 | 0.1.10 | 9.00 | 60.00 | 69.00 | OK |
Version: 0.1.10
Check: CRAN incoming feasibility
Result: NOTE
Maintainer: ‘Eduardo García-Portugués <edgarcia@est-econ.uc3m.es>’
The BugReports field in DESCRIPTION has
https://github.com/egarpor/DirStats
which should likely be
https://github.com/egarpor/DirStats/issues
instead.
Flavors: r-devel-linux-x86_64-debian-clang, r-devel-linux-x86_64-debian-gcc