CRAN Package Check Results for Package DiscreteWeibull

Last updated on 2025-04-29 04:50:00 CEST.

Flavor Version Tinstall Tcheck Ttotal Status Flags
r-devel-linux-x86_64-debian-clang 1.1 1.93 24.79 26.72 OK
r-devel-linux-x86_64-debian-gcc 1.1 1.65 19.16 20.81 NOTE
r-devel-linux-x86_64-fedora-clang 1.1 45.68 OK
r-devel-linux-x86_64-fedora-gcc 1.1 41.67 OK
r-devel-windows-x86_64 1.1 4.00 48.00 52.00 OK
r-patched-linux-x86_64 1.1 2.14 24.45 26.59 OK
r-release-linux-x86_64 1.1 2.03 23.84 25.87 OK
r-release-macos-arm64 1.1 18.00 OK
r-release-macos-x86_64 1.1 53.00 OK
r-release-windows-x86_64 1.1 4.00 51.00 55.00 OK
r-oldrel-macos-arm64 1.1 22.00 OK
r-oldrel-macos-x86_64 1.1 35.00 OK
r-oldrel-windows-x86_64 1.1 4.00 52.00 56.00 OK

Check Details

Version: 1.1
Check: CRAN incoming feasibility
Result: NOTE Maintainer: ‘Alessandro Barbiero <alessandro.barbiero@unimi.it>’ No Authors@R field in DESCRIPTION. Please add one, modifying Authors@R: person(given = "Alessandro", family = "Barbiero", role = c("aut", "cre"), email = "alessandro.barbiero@unimi.it") as necessary. Flavor: r-devel-linux-x86_64-debian-gcc