CRAN Package Check Results for Package DistributionTest

Last updated on 2025-02-22 05:51:33 CET.

Flavor Version Tinstall Tcheck Ttotal Status Flags
r-devel-linux-x86_64-debian-clang 1.1 2.94 28.35 31.29 OK
r-devel-linux-x86_64-debian-gcc 1.1 2.05 20.22 22.27 OK
r-devel-linux-x86_64-fedora-clang 1.1 48.97 OK
r-devel-linux-x86_64-fedora-gcc 1.1 46.26 OK
r-devel-macos-arm64 1.1 17.00 OK
r-devel-macos-x86_64 1.1 29.00 OK
r-devel-windows-x86_64 1.1 3.00 48.00 51.00 OK
r-patched-linux-x86_64 1.1 2.53 26.46 28.99 NOTE
r-release-linux-x86_64 1.1 2.50 26.24 28.74 NOTE
r-release-macos-arm64 1.1 17.00 NOTE
r-release-macos-x86_64 1.1 25.00 NOTE
r-release-windows-x86_64 1.1 3.00 48.00 51.00 NOTE
r-oldrel-macos-arm64 1.1 17.00 NOTE
r-oldrel-macos-x86_64 1.1 24.00 NOTE
r-oldrel-windows-x86_64 1.1 3.00 50.00 53.00 NOTE

Check Details

Version: 1.1
Check: LazyData
Result: NOTE 'LazyData' is specified without a 'data' directory Flavors: r-patched-linux-x86_64, r-release-linux-x86_64, r-release-macos-arm64, r-release-macos-x86_64, r-release-windows-x86_64, r-oldrel-macos-arm64, r-oldrel-macos-x86_64, r-oldrel-windows-x86_64