CRAN Package Check Results for Package DoubleCone

Last updated on 2025-04-30 04:50:04 CEST.

Flavor Version Tinstall Tcheck Ttotal Status Flags
r-devel-linux-x86_64-debian-clang 1.1 7.76 60.96 68.72 NOTE
r-devel-linux-x86_64-debian-gcc 1.1 5.60 45.31 50.91 NOTE
r-devel-linux-x86_64-fedora-clang 1.1 110.88 OK
r-devel-linux-x86_64-fedora-gcc 1.1 103.69 OK
r-devel-windows-x86_64 1.1 9.00 78.00 87.00 OK
r-patched-linux-x86_64 1.1 7.23 58.39 65.62 OK
r-release-linux-x86_64 1.1 6.88 59.22 66.10 OK
r-release-macos-arm64 1.1 35.00 OK
r-release-macos-x86_64 1.1 63.00 OK
r-release-windows-x86_64 1.1 7.00 76.00 83.00 OK
r-oldrel-macos-arm64 1.1 32.00 OK
r-oldrel-macos-x86_64 1.1 49.00 OK
r-oldrel-windows-x86_64 1.1 10.00 92.00 102.00 OK

Check Details

Version: 1.1
Check: CRAN incoming feasibility
Result: NOTE Maintainer: ‘Mary C Meyer <meyer@stat.colostate.edu>’ No Authors@R field in DESCRIPTION. Please add one, modifying Authors@R: c(person(given = c("Mary", "C"), family = "Meyer", role = c("aut", "cre"), email = "meyer@stat.colostate.edu"), person(given = "Bodhisattva", family = "Sen", role = "aut")) as necessary. Found the following (possibly) invalid file URI: URI: www.kentuckyderby.com From: man/derby.Rd Flavors: r-devel-linux-x86_64-debian-clang, r-devel-linux-x86_64-debian-gcc