Last updated on 2025-04-30 04:50:04 CEST.
Flavor | Version | Tinstall | Tcheck | Ttotal | Status | Flags |
---|---|---|---|---|---|---|
r-devel-linux-x86_64-debian-clang | 0.1.4 | 7.01 | 74.51 | 81.52 | NOTE | |
r-devel-linux-x86_64-debian-gcc | 0.1.4 | 4.43 | 54.95 | 59.38 | NOTE | |
r-devel-linux-x86_64-fedora-clang | 0.1.4 | 138.15 | NOTE | |||
r-devel-linux-x86_64-fedora-gcc | 0.1.4 | 134.30 | NOTE | |||
r-devel-windows-x86_64 | 0.1.4 | 9.00 | 107.00 | 116.00 | NOTE | |
r-patched-linux-x86_64 | 0.1.4 | 6.76 | 71.87 | 78.63 | NOTE | |
r-release-linux-x86_64 | 0.1.4 | 5.26 | 70.79 | 76.05 | NOTE | |
r-release-macos-arm64 | 0.1.4 | 53.00 | NOTE | |||
r-release-macos-x86_64 | 0.1.4 | 85.00 | NOTE | |||
r-release-windows-x86_64 | 0.1.4 | 10.00 | 108.00 | 118.00 | NOTE | |
r-oldrel-macos-arm64 | 0.1.4 | 45.00 | NOTE | |||
r-oldrel-macos-x86_64 | 0.1.4 | 73.00 | NOTE | |||
r-oldrel-windows-x86_64 | 0.1.4 | 11.00 | 129.00 | 140.00 | NOTE |
Version: 0.1.4
Check: CRAN incoming feasibility
Result: NOTE
Maintainer: ‘Katharina Baum <katharina.baum@hpi.de>’
Package CITATION file contains call(s) to old-style citEntry(). Please
use bibentry() instead.
Flavors: r-devel-linux-x86_64-debian-clang, r-devel-linux-x86_64-debian-gcc
Version: 0.1.4
Check: Rd files
Result: NOTE
checkRd: (-1) generate_individual_graphs.Rd:11: Lost braces
11 | code{\link[DrDimont]{compute_correlation_matrices}}}
| ^
Flavors: r-devel-linux-x86_64-debian-clang, r-devel-linux-x86_64-debian-gcc, r-devel-linux-x86_64-fedora-clang, r-devel-linux-x86_64-fedora-gcc, r-devel-windows-x86_64, r-patched-linux-x86_64, r-release-linux-x86_64, r-release-macos-arm64, r-release-macos-x86_64, r-release-windows-x86_64, r-oldrel-macos-arm64, r-oldrel-macos-x86_64, r-oldrel-windows-x86_64
Version: 0.1.4
Check: examples
Result: NOTE
Examples with CPU (user + system) or elapsed time > 5s
user system elapsed
compute_correlation_matrices 7.427 0.358 10.469
Flavor: r-devel-linux-x86_64-debian-clang
Version: 0.1.4
Check: examples
Result: NOTE
Examples with CPU (user + system) or elapsed time > 5s
user system elapsed
compute_correlation_matrices 5.102 0.367 7.634
Flavor: r-devel-linux-x86_64-debian-gcc