Last updated on 2025-04-30 04:50:04 CEST.
Flavor | Version | Tinstall | Tcheck | Ttotal | Status | Flags |
---|---|---|---|---|---|---|
r-devel-linux-x86_64-debian-clang | 1.0 | 17.12 | 52.60 | 69.72 | NOTE | |
r-devel-linux-x86_64-debian-gcc | 1.0 | 12.82 | 40.73 | 53.55 | NOTE | |
r-devel-linux-x86_64-fedora-clang | 1.0 | 127.34 | OK | |||
r-devel-linux-x86_64-fedora-gcc | 1.0 | 127.98 | OK | |||
r-devel-windows-x86_64 | 1.0 | 24.00 | 91.00 | 115.00 | OK | |
r-patched-linux-x86_64 | 1.0 | 18.68 | 49.73 | 68.41 | OK | |
r-release-linux-x86_64 | 1.0 | 17.52 | 50.32 | 67.84 | OK | |
r-release-macos-arm64 | 1.0 | 59.00 | OK | |||
r-release-macos-x86_64 | 1.0 | 111.00 | OK | |||
r-release-windows-x86_64 | 1.0 | 25.00 | 89.00 | 114.00 | OK | |
r-oldrel-macos-arm64 | 1.0 | 44.00 | OK | |||
r-oldrel-macos-x86_64 | 1.0 | 67.00 | OK | |||
r-oldrel-windows-x86_64 | 1.0 | 24.00 | 109.00 | 133.00 | OK |
Version: 1.0
Check: CRAN incoming feasibility
Result: NOTE
Maintainer: ‘Il-Youp Kwak <ilyoup.kwak@gmail.com>’
No Authors@R field in DESCRIPTION.
Please add one, modifying
Authors@R: c(person(given = c("Il-Youp", "Kwak", "with", "contributions", "from", "Wuming"),
family = "Gong",
role = "aut"),
person(given = "Il-Youp",
family = "Kwak",
role = "cre",
email = "ilyoup.kwak@gmail.com"))
as necessary.
Flavors: r-devel-linux-x86_64-debian-clang, r-devel-linux-x86_64-debian-gcc