CRAN Package Check Results for Package DriftBurstHypothesis

Last updated on 2025-04-30 04:50:04 CEST.

Flavor Version Tinstall Tcheck Ttotal Status Flags
r-devel-linux-x86_64-debian-clang 0.4.0.1 29.03 41.43 70.46 NOTE
r-devel-linux-x86_64-debian-gcc 0.4.0.1 18.80 34.40 53.20 NOTE
r-devel-linux-x86_64-fedora-clang 0.4.0.1 125.39 NOTE
r-devel-linux-x86_64-fedora-gcc 0.4.0.1 110.11 NOTE
r-devel-windows-x86_64 0.4.0.1 35.00 71.00 106.00 NOTE
r-patched-linux-x86_64 0.4.0.1 27.35 42.14 69.49 NOTE
r-release-linux-x86_64 0.4.0.1 24.91 41.45 66.36 NOTE
r-release-macos-arm64 0.4.0.1 36.00 NOTE
r-release-macos-x86_64 0.4.0.1 53.00 NOTE
r-release-windows-x86_64 0.4.0.1 34.00 74.00 108.00 NOTE
r-oldrel-macos-arm64 0.4.0.1 33.00 NOTE
r-oldrel-macos-x86_64 0.4.0.1 41.00 NOTE
r-oldrel-windows-x86_64 0.4.0.1 39.00 88.00 127.00 NOTE

Check Details

Version: 0.4.0.1
Check: CRAN incoming feasibility
Result: NOTE Maintainer: ‘Emil Sjoerup <emilsjoerup@live.dk>’ No Authors@R field in DESCRIPTION. Please add one, modifying Authors@R: person(given = "Emil", family = "Sjoerup", role = c("aut", "cre"), email = "emilsjoerup@live.dk") as necessary. Flavors: r-devel-linux-x86_64-debian-clang, r-devel-linux-x86_64-debian-gcc

Version: 0.4.0.1
Check: C++ specification
Result: NOTE Specified C++11: please drop specification unless essential Flavors: r-devel-linux-x86_64-debian-clang, r-devel-linux-x86_64-debian-gcc, r-devel-linux-x86_64-fedora-clang, r-devel-linux-x86_64-fedora-gcc, r-devel-windows-x86_64, r-patched-linux-x86_64, r-release-linux-x86_64, r-release-macos-arm64, r-release-macos-x86_64, r-release-windows-x86_64, r-oldrel-macos-arm64, r-oldrel-macos-x86_64, r-oldrel-windows-x86_64