CRAN Package Check Results for Package DtD

Last updated on 2025-04-30 04:50:04 CEST.

Flavor Version Tinstall Tcheck Ttotal Status Flags
r-devel-linux-x86_64-debian-clang 0.2.2 51.19 46.38 97.57 NOTE
r-devel-linux-x86_64-debian-gcc 0.2.2 33.18 36.26 69.44 NOTE
r-devel-linux-x86_64-fedora-clang 0.2.2 206.58 NOTE
r-devel-linux-x86_64-fedora-gcc 0.2.2 186.44 NOTE
r-devel-windows-x86_64 0.2.2 63.00 110.00 173.00 NOTE
r-patched-linux-x86_64 0.2.2 47.97 45.03 93.00 NOTE
r-release-linux-x86_64 0.2.2 48.02 45.20 93.22 NOTE
r-release-macos-arm64 0.2.2 70.00 NOTE
r-release-macos-x86_64 0.2.2 105.00 NOTE
r-release-windows-x86_64 0.2.2 65.00 115.00 180.00 NOTE
r-oldrel-macos-arm64 0.2.2 51.00 NOTE
r-oldrel-macos-x86_64 0.2.2 121.00 NOTE
r-oldrel-windows-x86_64 0.2.2 68.00 126.00 194.00 NOTE

Check Details

Version: 0.2.2
Check: C++ specification
Result: NOTE Specified C++11: please drop specification unless essential Flavors: r-devel-linux-x86_64-debian-clang, r-devel-linux-x86_64-debian-gcc, r-devel-linux-x86_64-fedora-clang, r-devel-linux-x86_64-fedora-gcc, r-devel-windows-x86_64, r-patched-linux-x86_64, r-release-linux-x86_64, r-release-macos-arm64, r-release-macos-x86_64, r-release-windows-x86_64, r-oldrel-macos-arm64, r-oldrel-macos-x86_64, r-oldrel-windows-x86_64

Version: 0.2.2
Check: LazyData
Result: NOTE 'LazyData' is specified without a 'data' directory Flavors: r-oldrel-macos-arm64, r-oldrel-macos-x86_64, r-oldrel-windows-x86_64