CRAN Package Check Results for Package Durga

Last updated on 2025-04-30 04:50:04 CEST.

Flavor Version Tinstall Tcheck Ttotal Status Flags
r-devel-linux-x86_64-debian-clang 2.0 3.87 167.04 170.91 NOTE
r-devel-linux-x86_64-debian-gcc 2.0 2.59 108.60 111.19 NOTE
r-devel-linux-x86_64-fedora-clang 2.0 281.59 OK
r-devel-linux-x86_64-fedora-gcc 2.0 272.86 OK
r-devel-windows-x86_64 2.0 5.00 172.00 177.00 NOTE
r-patched-linux-x86_64 2.0 3.56 153.83 157.39 NOTE
r-release-linux-x86_64 2.0 3.46 154.84 158.30 NOTE
r-release-macos-arm64 2.0 78.00 OK
r-release-macos-x86_64 2.0 154.00 OK
r-release-windows-x86_64 2.0 6.00 175.00 181.00 NOTE
r-oldrel-macos-arm64 2.0 72.00 OK
r-oldrel-macos-x86_64 2.0 119.00 OK
r-oldrel-windows-x86_64 2.0 4.00 222.00 226.00 OK

Check Details

Version: 2.0
Check: Rd cross-references
Result: NOTE Found the following Rd file(s) with Rd \link{} targets missing package anchors: DurgaPlot.Rd: RColorBrewer Please provide package anchors for all Rd \link{} targets not in the package itself and the base packages. Flavors: r-devel-linux-x86_64-debian-clang, r-devel-linux-x86_64-debian-gcc, r-devel-windows-x86_64, r-patched-linux-x86_64, r-release-linux-x86_64, r-release-windows-x86_64