Last updated on 2025-04-30 04:50:04 CEST.
Flavor | Version | Tinstall | Tcheck | Ttotal | Status | Flags |
---|---|---|---|---|---|---|
r-devel-linux-x86_64-debian-clang | 0.1.2 | 3.53 | 41.99 | 45.52 | NOTE | |
r-devel-linux-x86_64-debian-gcc | 0.1.2 | 2.55 | 29.64 | 32.19 | NOTE | |
r-devel-linux-x86_64-fedora-clang | 0.1.2 | 73.70 | OK | |||
r-devel-linux-x86_64-fedora-gcc | 0.1.2 | 66.19 | OK | |||
r-devel-windows-x86_64 | 0.1.2 | 7.00 | 61.00 | 68.00 | OK | |
r-patched-linux-x86_64 | 0.1.2 | 3.50 | 38.39 | 41.89 | OK | |
r-release-linux-x86_64 | 0.1.2 | 2.67 | 40.06 | 42.73 | OK | |
r-release-macos-arm64 | 0.1.2 | 24.00 | OK | |||
r-release-macos-x86_64 | 0.1.2 | 40.00 | OK | |||
r-release-windows-x86_64 | 0.1.2 | 8.00 | 63.00 | 71.00 | OK | |
r-oldrel-macos-arm64 | 0.1.2 | 35.00 | NOTE | |||
r-oldrel-macos-x86_64 | 0.1.2 | 35.00 | NOTE | |||
r-oldrel-windows-x86_64 | 0.1.2 | 7.00 | 67.00 | 74.00 | NOTE |
Version: 0.1.2
Check: CRAN incoming feasibility
Result: NOTE
Maintainer: ‘Flavian Tschurr <flavian.tschurr@usys.ethz.ch>’
No Authors@R field in DESCRIPTION.
Please add one, modifying
Authors@R: person(given = "Flavian",
family = "Tschurr",
role = c("aut", "cre"),
email = "flavian.tschurr@usys.ethz.ch")
as necessary.
Flavors: r-devel-linux-x86_64-debian-clang, r-devel-linux-x86_64-debian-gcc
Version: 0.1.2
Check: examples
Result: NOTE
Examples with CPU (user + system) or elapsed time > 5s
user system elapsed
DyMEP 8.438 0.122 11.202
DyMEP_DRC_visualizer 7.590 0.034 9.842
Flavor: r-devel-linux-x86_64-debian-clang
Version: 0.1.2
Check: examples
Result: NOTE
Examples with CPU (user + system) or elapsed time > 5s
user system elapsed
DyMEP 5.058 0.048 6.894
Flavor: r-devel-linux-x86_64-debian-gcc
Version: 0.1.2
Check: installed package size
Result: NOTE
installed size is 5.8Mb
sub-directories of 1Mb or more:
extdata 5.6Mb
Flavors: r-oldrel-macos-arm64, r-oldrel-macos-x86_64, r-oldrel-windows-x86_64