CRAN Package Check Results for Package E4tools

Last updated on 2025-02-21 03:52:11 CET.

Flavor Version Tinstall Tcheck Ttotal Status Flags
r-devel-linux-x86_64-debian-clang 0.1.1 4.33 42.42 46.75 OK
r-devel-linux-x86_64-debian-gcc 0.1.1 2.98 30.36 33.34 OK
r-devel-linux-x86_64-fedora-clang 0.1.1 72.36 NOTE
r-devel-linux-x86_64-fedora-gcc 0.1.1 81.71 NOTE
r-devel-macos-arm64 0.1.1 37.00 OK
r-devel-macos-x86_64 0.1.1 58.00 OK
r-devel-windows-x86_64 0.1.1 5.00 65.00 70.00 OK
r-patched-linux-x86_64 0.1.1 4.57 38.80 43.37 NOTE
r-release-linux-x86_64 0.1.1 4.17 38.52 42.69 NOTE
r-release-macos-arm64 0.1.1 33.00 NOTE
r-release-macos-x86_64 0.1.1 48.00 NOTE
r-release-windows-x86_64 0.1.1 6.00 64.00 70.00 NOTE
r-oldrel-macos-arm64 0.1.1 36.00 NOTE
r-oldrel-macos-x86_64 0.1.1 50.00 NOTE
r-oldrel-windows-x86_64 0.1.1 7.00 90.00 97.00 NOTE

Check Details

Version: 0.1.1
Check: dependencies in R code
Result: NOTE Namespace in Imports field not imported from: ‘hms’ All declared Imports should be used. Flavors: r-devel-linux-x86_64-fedora-clang, r-devel-linux-x86_64-fedora-gcc

Version: 0.1.1
Check: LazyData
Result: NOTE 'LazyData' is specified without a 'data' directory Flavors: r-patched-linux-x86_64, r-release-linux-x86_64, r-release-macos-arm64, r-release-macos-x86_64, r-release-windows-x86_64, r-oldrel-macos-arm64, r-oldrel-macos-x86_64, r-oldrel-windows-x86_64