Last updated on 2025-02-21 03:52:11 CET.
Flavor | Version | Tinstall | Tcheck | Ttotal | Status | Flags |
---|---|---|---|---|---|---|
r-devel-linux-x86_64-debian-clang | 0.1.0 | 2.44 | 52.12 | 54.56 | OK | |
r-devel-linux-x86_64-debian-gcc | 0.1.0 | 1.78 | 33.48 | 35.26 | OK | |
r-devel-linux-x86_64-fedora-clang | 0.1.0 | 91.99 | NOTE | |||
r-devel-linux-x86_64-fedora-gcc | 0.1.0 | 84.19 | NOTE | |||
r-devel-macos-arm64 | 0.1.0 | 30.00 | OK | |||
r-devel-macos-x86_64 | 0.1.0 | 50.00 | OK | |||
r-devel-windows-x86_64 | 0.1.0 | 4.00 | 76.00 | 80.00 | OK | |
r-patched-linux-x86_64 | 0.1.0 | 1.63 | 46.33 | 47.96 | OK | |
r-release-linux-x86_64 | 0.1.0 | 2.14 | 45.84 | 47.98 | OK | |
r-release-macos-arm64 | 0.1.0 | 29.00 | OK | |||
r-release-macos-x86_64 | 0.1.0 | 41.00 | OK | |||
r-release-windows-x86_64 | 0.1.0 | 4.00 | 73.00 | 77.00 | OK | |
r-oldrel-macos-arm64 | 0.1.0 | 32.00 | OK | |||
r-oldrel-macos-x86_64 | 0.1.0 | 37.00 | OK | |||
r-oldrel-windows-x86_64 | 0.1.0 | 4.00 | 84.00 | 88.00 | OK |
Version: 0.1.0
Check: dependencies in R code
Result: NOTE
Namespace in Imports field not imported from: ‘qcr’
All declared Imports should be used.
Flavors: r-devel-linux-x86_64-fedora-clang, r-devel-linux-x86_64-fedora-gcc