CRAN Package Check Results for Package EBCHS

Last updated on 2025-04-30 04:50:04 CEST.

Flavor Version Tinstall Tcheck Ttotal Status Flags
r-devel-linux-x86_64-debian-clang 0.1.0 2.18 30.84 33.02 NOTE
r-devel-linux-x86_64-debian-gcc 0.1.0 1.75 24.55 26.30 OK
r-devel-linux-x86_64-fedora-clang 0.1.0 52.61 OK
r-devel-linux-x86_64-fedora-gcc 0.1.0 49.47 OK
r-devel-windows-x86_64 0.1.0 4.00 57.00 61.00 OK
r-patched-linux-x86_64 0.1.0 2.50 28.56 31.06 OK
r-release-linux-x86_64 0.1.0 2.06 28.06 30.12 OK
r-release-macos-arm64 0.1.0 23.00 OK
r-release-macos-x86_64 0.1.0 40.00 OK
r-release-windows-x86_64 0.1.0 3.00 59.00 62.00 OK
r-oldrel-macos-arm64 0.1.0 22.00 OK
r-oldrel-macos-x86_64 0.1.0 29.00 OK
r-oldrel-windows-x86_64 0.1.0 5.00 62.00 67.00 OK

Check Details

Version: 0.1.0
Check: examples
Result: NOTE Examples with CPU (user + system) or elapsed time > 5s user system elapsed EB_CS 4.597 0.173 6.522 Flavor: r-devel-linux-x86_64-debian-clang