Last updated on 2025-04-30 04:50:04 CEST.
Flavor | Version | Tinstall | Tcheck | Ttotal | Status | Flags |
---|---|---|---|---|---|---|
r-devel-linux-x86_64-debian-clang | 0.5 | 6.69 | 24.78 | 31.47 | NOTE | |
r-devel-linux-x86_64-debian-gcc | 0.5 | 7.90 | 18.72 | 26.62 | OK | |
r-devel-linux-x86_64-fedora-clang | 0.5 | 49.66 | OK | |||
r-devel-linux-x86_64-fedora-gcc | 0.5 | 57.78 | OK | |||
r-devel-windows-x86_64 | 0.5 | 12.00 | 55.00 | 67.00 | OK | |
r-patched-linux-x86_64 | 0.5 | 11.09 | 23.39 | 34.48 | OK | |
r-release-linux-x86_64 | 0.5 | 11.48 | 23.68 | 35.16 | OK | |
r-release-macos-arm64 | 0.5 | 23.00 | OK | |||
r-release-macos-x86_64 | 0.5 | 37.00 | OK | |||
r-release-windows-x86_64 | 0.5 | 13.00 | 54.00 | 67.00 | OK | |
r-oldrel-macos-arm64 | 0.5 | 36.00 | OK | |||
r-oldrel-macos-x86_64 | 0.5 | 34.00 | OK | |||
r-oldrel-windows-x86_64 | 0.5 | 12.00 | 52.00 | 64.00 | OK |
Version: 0.5
Check: examples
Result: NOTE
Examples with CPU (user + system) or elapsed time > 5s
user system elapsed
SmoothECTest 4.201 0.055 6.274
Flavor: r-devel-linux-x86_64-debian-clang