CRAN Package Check Results for Package ECOTOXr

Last updated on 2025-04-30 04:50:04 CEST.

Flavor Version Tinstall Tcheck Ttotal Status Flags
r-devel-linux-x86_64-debian-clang 1.2.1 8.11 96.05 104.16 NOTE
r-devel-linux-x86_64-debian-gcc 1.2.1 5.16 69.38 74.54 NOTE
r-devel-linux-x86_64-fedora-clang 1.2.1 162.42 OK
r-devel-linux-x86_64-fedora-gcc 1.2.1 164.04 OK
r-devel-windows-x86_64 1.2.1 9.00 111.00 120.00 OK
r-patched-linux-x86_64 1.2.1 8.03 88.02 96.05 OK
r-release-linux-x86_64 1.2.1 7.04 88.58 95.62 OK
r-release-macos-arm64 1.2.1 60.00 OK
r-release-macos-x86_64 1.2.1 105.00 OK
r-release-windows-x86_64 1.2.1 11.00 110.00 121.00 OK
r-oldrel-macos-arm64 1.2.1 65.00 OK
r-oldrel-macos-x86_64 1.2.1 120.00 OK
r-oldrel-windows-x86_64 1.2.1 11.00 138.00 149.00 OK

Check Details

Version: 1.2.1
Check: examples
Result: NOTE Examples with CPU (user + system) or elapsed time > 5s user system elapsed build_ecotox_sqlite 4.74 0.171 8.237 Flavor: r-devel-linux-x86_64-debian-clang

Version: 1.2.1
Check: examples
Result: NOTE Examples with CPU (user + system) or elapsed time > 5s user system elapsed build_ecotox_sqlite 3.164 0.227 6.429 Flavor: r-devel-linux-x86_64-debian-gcc