Last updated on 2025-04-30 04:50:04 CEST.
Flavor | Version | Tinstall | Tcheck | Ttotal | Status | Flags |
---|---|---|---|---|---|---|
r-devel-linux-x86_64-debian-clang | 0.3.0 | 2.80 | 42.47 | 45.27 | NOTE | |
r-devel-linux-x86_64-debian-gcc | 0.3.0 | 2.01 | 28.62 | 30.63 | NOTE | |
r-devel-linux-x86_64-fedora-clang | 0.3.0 | 72.94 | OK | |||
r-devel-linux-x86_64-fedora-gcc | 0.3.0 | 66.21 | OK | |||
r-devel-windows-x86_64 | 0.3.0 | 4.00 | 60.00 | 64.00 | OK | |
r-patched-linux-x86_64 | 0.3.0 | 3.10 | 39.78 | 42.88 | OK | |
r-release-linux-x86_64 | 0.3.0 | 2.67 | 39.32 | 41.99 | OK | |
r-release-macos-arm64 | 0.3.0 | 25.00 | OK | |||
r-release-macos-x86_64 | 0.3.0 | 41.00 | OK | |||
r-release-windows-x86_64 | 0.3.0 | 4.00 | 62.00 | 66.00 | OK | |
r-oldrel-macos-arm64 | 0.3.0 | 21.00 | NOTE | |||
r-oldrel-macos-x86_64 | 0.3.0 | 33.00 | NOTE | |||
r-oldrel-windows-x86_64 | 0.3.0 | 5.00 | 69.00 | 74.00 | NOTE |
Version: 0.3.0
Check: CRAN incoming feasibility
Result: NOTE
Maintainer: ‘Luis Garcia <lpfgarcia@icmc.usp.br>’
No Authors@R field in DESCRIPTION.
Please add one, modifying
Authors@R: c(person(given = "Luis",
family = "Garcia",
role = c("aut", "cre"),
email = "lpfgarcia@icmc.usp.br"),
person(given = "Ana",
family = "Lorena",
role = c("aut", "ctb")))
as necessary.
Flavors: r-devel-linux-x86_64-debian-clang, r-devel-linux-x86_64-debian-gcc
Version: 0.3.0
Check: examples
Result: NOTE
Examples with CPU (user + system) or elapsed time > 5s
user system elapsed
complexity 4.252 0.253 6.106
Flavor: r-devel-linux-x86_64-debian-clang
Version: 0.3.0
Check: LazyData
Result: NOTE
'LazyData' is specified without a 'data' directory
Flavors: r-oldrel-macos-arm64, r-oldrel-macos-x86_64, r-oldrel-windows-x86_64