CRAN Package Check Results for Package EDOtrans

Last updated on 2025-04-30 04:50:04 CEST.

Flavor Version Tinstall Tcheck Ttotal Status Flags
r-devel-linux-x86_64-debian-clang 0.2.5 16.78 123.32 140.10 NOTE
r-devel-linux-x86_64-debian-gcc 0.2.5 12.84 89.24 102.08 NOTE
r-devel-linux-x86_64-fedora-clang 0.2.5 209.39 OK
r-devel-linux-x86_64-fedora-gcc 0.2.5 191.69 OK
r-devel-windows-x86_64 0.2.5 18.00 121.00 139.00 OK
r-patched-linux-x86_64 0.2.5 16.36 117.85 134.21 OK
r-release-linux-x86_64 0.2.5 14.48 116.50 130.98 OK
r-release-macos-arm64 0.2.5 5.00 ERROR
r-release-macos-x86_64 0.2.5 7.00 ERROR
r-release-windows-x86_64 0.2.5 18.00 122.00 140.00 OK
r-oldrel-macos-arm64 0.2.5 10.00 ERROR
r-oldrel-macos-x86_64 0.2.5 11.00 ERROR
r-oldrel-windows-x86_64 0.2.5 21.00 152.00 173.00 OK

Check Details

Version: 0.2.5
Check: CRAN incoming feasibility
Result: NOTE Maintainer: ‘Jorn Lotsch <j.lotsch@em.uni-frankfurt.de>’ No Authors@R field in DESCRIPTION. Please add one, modifying Authors@R: c(person(given = "Jorn", family = "Lotsch", role = c("aut", "cre"), email = "j.lotsch@em.uni-frankfurt.de"), person(given = "Alfred", family = "Ultsch", role = "aut")) as necessary. Flavors: r-devel-linux-x86_64-debian-clang, r-devel-linux-x86_64-debian-gcc

Version: 0.2.5
Check: package dependencies
Result: ERROR Package required but not available: ‘opGMMassessment’ See section ‘The DESCRIPTION file’ in the ‘Writing R Extensions’ manual. Flavors: r-release-macos-arm64, r-release-macos-x86_64, r-oldrel-macos-arm64, r-oldrel-macos-x86_64