Last updated on 2025-04-30 04:50:04 CEST.
Flavor | Version | Tinstall | Tcheck | Ttotal | Status | Flags |
---|---|---|---|---|---|---|
r-devel-linux-x86_64-debian-clang | 1.1.2 | 3.73 | 35.50 | 39.23 | NOTE | |
r-devel-linux-x86_64-debian-gcc | 1.1.2 | 2.50 | 25.70 | 28.20 | NOTE | |
r-devel-linux-x86_64-fedora-clang | 1.1.2 | 60.14 | NOTE | |||
r-devel-linux-x86_64-fedora-gcc | 1.1.2 | 57.29 | NOTE | |||
r-devel-windows-x86_64 | 1.1.2 | 4.00 | 53.00 | 57.00 | OK | |
r-patched-linux-x86_64 | 1.1.2 | 3.88 | 33.91 | 37.79 | OK | |
r-release-linux-x86_64 | 1.1.2 | 3.77 | 33.65 | 37.42 | OK | |
r-release-macos-arm64 | 1.1.2 | 29.00 | OK | |||
r-release-macos-x86_64 | 1.1.2 | 37.00 | OK | |||
r-release-windows-x86_64 | 1.1.2 | 5.00 | 54.00 | 59.00 | OK | |
r-oldrel-macos-arm64 | 1.1.2 | 22.00 | OK | |||
r-oldrel-macos-x86_64 | 1.1.2 | 30.00 | OK | |||
r-oldrel-windows-x86_64 | 1.1.2 | 6.00 | 61.00 | 67.00 | OK |
Version: 1.1.2
Check: CRAN incoming feasibility
Result: NOTE
Maintainer: ‘David Navarro-Gonzalez <david.navarro@urv.cat>’
No Authors@R field in DESCRIPTION.
Please add one, modifying
Authors@R: c(person(given = "David",
family = "Navarro-Gonzalez",
role = c("aut", "cre"),
email = "david.navarro@urv.cat"),
person(given = "Urbano",
family = "Lorenzo-Seva",
role = "aut"))
as necessary.
Flavors: r-devel-linux-x86_64-debian-clang, r-devel-linux-x86_64-debian-gcc
Version: 1.1.2
Check: examples
Result: NOTE
Examples with CPU (user + system) or elapsed time > 5s
user system elapsed
EFA.MRFA-package 4.221 0.086 5.308
Flavor: r-devel-linux-x86_64-debian-clang
Version: 1.1.2
Check: dependencies in R code
Result: NOTE
Namespace in Imports field not imported from: ‘PCovR’
All declared Imports should be used.
Flavors: r-devel-linux-x86_64-fedora-clang, r-devel-linux-x86_64-fedora-gcc