Last updated on 2025-04-29 04:50:01 CEST.
Flavor | Version | Tinstall | Tcheck | Ttotal | Status | Flags |
---|---|---|---|---|---|---|
r-devel-linux-x86_64-debian-clang | 1.2.0 | 11.25 | 193.28 | 204.53 | OK | |
r-devel-linux-x86_64-debian-gcc | 1.2.0 | 9.14 | 134.82 | 143.96 | NOTE | |
r-devel-linux-x86_64-fedora-clang | 1.2.0 | 308.48 | OK | |||
r-devel-linux-x86_64-fedora-gcc | 1.2.0 | 321.15 | OK | |||
r-devel-windows-x86_64 | 1.2.0 | 13.00 | 162.00 | 175.00 | OK | |
r-patched-linux-x86_64 | 1.2.0 | 12.62 | 170.94 | 183.56 | OK | |
r-release-linux-x86_64 | 1.2.0 | 11.08 | 169.70 | 180.78 | OK | |
r-release-macos-arm64 | 1.2.0 | 69.00 | OK | |||
r-release-macos-x86_64 | 1.2.0 | 158.00 | OK | |||
r-release-windows-x86_64 | 1.2.0 | 14.00 | 161.00 | 175.00 | OK | |
r-oldrel-macos-arm64 | 1.2.0 | 66.00 | OK | |||
r-oldrel-macos-x86_64 | 1.2.0 | 120.00 | OK | |||
r-oldrel-windows-x86_64 | 1.2.0 | 17.00 | 235.00 | 252.00 | OK |
Version: 1.2.0
Check: examples
Result: NOTE
Examples with CPU (user + system) or elapsed time > 5s
user system elapsed
importance 4.753 0.215 5.202
Flavor: r-devel-linux-x86_64-debian-gcc