Last updated on 2025-04-30 04:50:04 CEST.
Flavor | Version | Tinstall | Tcheck | Ttotal | Status | Flags |
---|---|---|---|---|---|---|
r-devel-linux-x86_64-debian-clang | 1.1 | 7.38 | 57.23 | 64.61 | NOTE | |
r-devel-linux-x86_64-debian-gcc | 1.1 | 4.54 | 42.90 | 47.44 | NOTE | |
r-devel-linux-x86_64-fedora-clang | 1.1 | 100.13 | OK | |||
r-devel-linux-x86_64-fedora-gcc | 1.1 | 95.97 | OK | |||
r-devel-windows-x86_64 | 1.1 | 8.00 | 71.00 | 79.00 | OK | |
r-patched-linux-x86_64 | 1.1 | 7.32 | 54.62 | 61.94 | OK | |
r-release-linux-x86_64 | 1.1 | 6.92 | 55.43 | 62.35 | OK | |
r-release-macos-arm64 | 1.1 | 34.00 | OK | |||
r-release-macos-x86_64 | 1.1 | 55.00 | OK | |||
r-release-windows-x86_64 | 1.1 | 8.00 | 72.00 | 80.00 | OK | |
r-oldrel-macos-arm64 | 1.1 | 30.00 | OK | |||
r-oldrel-macos-x86_64 | 1.1 | 44.00 | OK | |||
r-oldrel-windows-x86_64 | 1.1 | 8.00 | 85.00 | 93.00 | OK |
Version: 1.1
Check: CRAN incoming feasibility
Result: NOTE
Maintainer: ‘Guo-You Lan <jj6020770416jj@gmail.com>’
No Authors@R field in DESCRIPTION.
Please add one, modifying
Authors@R: person(given = "Hsin-wen",
family = "Chang",
role = c("aut", "cre"),
email = "hwchang@stat.sinica.edu.tw")
as necessary.
Flavors: r-devel-linux-x86_64-debian-clang, r-devel-linux-x86_64-debian-gcc