CRAN Package Check Results for Package ELIC

Last updated on 2025-11-02 03:51:37 CET.

Flavor Version Tinstall Tcheck Ttotal Status Flags
r-devel-linux-x86_64-debian-clang 0.1.0 1.83 23.84 25.67 OK
r-devel-linux-x86_64-debian-gcc 0.1.0 1.65 19.76 21.41 OK
r-devel-linux-x86_64-fedora-clang 0.1.0 38.22 NOTE
r-devel-linux-x86_64-fedora-gcc 0.1.0 36.00 NOTE
r-devel-windows-x86_64 0.1.0 3.00 42.00 45.00 OK
r-patched-linux-x86_64 0.1.0 2.15 22.24 24.39 OK
r-release-linux-x86_64 0.1.0 1.99 22.39 24.38 OK
r-release-macos-arm64 0.1.0 1.00 16.00 17.00 OK
r-release-macos-x86_64 0.1.0 2.00 25.00 27.00 OK
r-release-windows-x86_64 0.1.0 3.00 41.00 44.00 OK
r-oldrel-macos-arm64 0.1.0 1.00 21.00 22.00 OK
r-oldrel-macos-x86_64 0.1.0 3.00 38.00 41.00 OK
r-oldrel-windows-x86_64 0.1.0 4.00 50.00 54.00 OK

Check Details

Version: 0.1.0
Check: dependencies in R code
Result: NOTE Namespaces in Imports field not imported from: ‘distr’ ‘distrEllipse’ All declared Imports should be used. Flavors: r-devel-linux-x86_64-fedora-clang, r-devel-linux-x86_64-fedora-gcc