CRAN Package Check Results for Package ELYP

Last updated on 2025-04-30 04:50:04 CEST.

Flavor Version Tinstall Tcheck Ttotal Status Flags
r-devel-linux-x86_64-debian-clang 0.7-5 8.86 61.11 69.97 NOTE
r-devel-linux-x86_64-debian-gcc 0.7-5 6.30 44.74 51.04 NOTE
r-devel-linux-x86_64-fedora-clang 0.7-5 105.24 OK
r-devel-linux-x86_64-fedora-gcc 0.7-5 100.45 OK
r-devel-windows-x86_64 0.7-5 11.00 83.00 94.00 OK
r-patched-linux-x86_64 0.7-5 8.31 57.70 66.01 OK
r-release-linux-x86_64 0.7-5 7.05 57.98 65.03 OK
r-release-macos-arm64 0.7-5 37.00 OK
r-release-macos-x86_64 0.7-5 59.00 OK
r-release-windows-x86_64 0.7-5 10.00 81.00 91.00 OK
r-oldrel-macos-arm64 0.7-5 32.00 OK
r-oldrel-macos-x86_64 0.7-5 46.00 OK
r-oldrel-windows-x86_64 0.7-5 13.00 93.00 106.00 OK

Check Details

Version: 0.7-5
Check: CRAN incoming feasibility
Result: NOTE Maintainer: ‘Mai Zhou <mai@ms.uky.edu>’ No Authors@R field in DESCRIPTION. Please add one, modifying Authors@R: person(given = "Mai", family = "Zhou", role = c("aut", "cre"), email = "mai@ms.uky.edu") as necessary. Flavors: r-devel-linux-x86_64-debian-clang, r-devel-linux-x86_64-debian-gcc