Last updated on 2025-04-30 04:50:04 CEST.
Flavor | Version | Tinstall | Tcheck | Ttotal | Status | Flags |
---|---|---|---|---|---|---|
r-devel-linux-x86_64-debian-clang | 3.1.1 | 64.82 | 330.20 | 395.02 | NOTE | |
r-devel-linux-x86_64-debian-gcc | 3.1.1 | 47.18 | 212.57 | 259.75 | NOTE | |
r-devel-linux-x86_64-fedora-clang | 3.1.1 | 666.36 | OK | |||
r-devel-linux-x86_64-fedora-gcc | 3.1.1 | 663.31 | OK | |||
r-devel-windows-x86_64 | 3.1.1 | 71.00 | 336.00 | 407.00 | OK | |
r-patched-linux-x86_64 | 3.1.1 | 67.50 | 322.26 | 389.76 | OK | |
r-release-linux-x86_64 | 3.1.1 | 65.84 | 312.65 | 378.49 | OK | |
r-release-macos-arm64 | 3.1.1 | 144.00 | OK | |||
r-release-macos-x86_64 | 3.1.1 | 327.00 | OK | |||
r-release-windows-x86_64 | 3.1.1 | 76.00 | 349.00 | 425.00 | OK | |
r-oldrel-macos-arm64 | 3.1.1 | 154.00 | NOTE | |||
r-oldrel-macos-x86_64 | 3.1.1 | 391.00 | NOTE | |||
r-oldrel-windows-x86_64 | 3.1.1 | 85.00 | 454.00 | 539.00 | OK |
Version: 3.1.1
Check: examples
Result: NOTE
Examples with CPU (user + system) or elapsed time > 5s
user system elapsed
make_emc 9.033 0.064 12.032
make_data 3.428 0.029 5.049
Flavor: r-devel-linux-x86_64-debian-clang
Version: 3.1.1
Check: examples
Result: NOTE
Examples with CPU (user + system) or elapsed time > 5s
user system elapsed
make_emc 5.095 0.062 7.217
Flavor: r-devel-linux-x86_64-debian-gcc
Version: 3.1.1
Check: installed package size
Result: NOTE
installed size is 9.4Mb
sub-directories of 1Mb or more:
doc 2.4Mb
libs 5.7Mb
Flavors: r-oldrel-macos-arm64, r-oldrel-macos-x86_64