Last updated on 2025-04-30 04:50:04 CEST.
Flavor | Version | Tinstall | Tcheck | Ttotal | Status | Flags |
---|---|---|---|---|---|---|
r-devel-linux-x86_64-debian-clang | 1.5.9 | 8.75 | 61.22 | 69.97 | NOTE | |
r-devel-linux-x86_64-debian-gcc | 1.5.9 | 5.24 | 43.85 | 49.09 | NOTE | |
r-devel-linux-x86_64-fedora-clang | 1.5.9 | 106.77 | OK | |||
r-devel-linux-x86_64-fedora-gcc | 1.5.9 | 103.06 | OK | |||
r-devel-windows-x86_64 | 1.5.9 | 10.00 | 84.00 | 94.00 | OK | |
r-patched-linux-x86_64 | 1.5.9 | 7.71 | 58.45 | 66.16 | OK | |
r-release-linux-x86_64 | 1.5.9 | 8.19 | 57.44 | 65.63 | OK | |
r-release-macos-arm64 | 1.5.9 | 39.00 | OK | |||
r-release-macos-x86_64 | 1.5.9 | 76.00 | OK | |||
r-release-windows-x86_64 | 1.5.9 | 10.00 | 80.00 | 90.00 | OK | |
r-oldrel-macos-arm64 | 1.5.9 | 33.00 | OK | |||
r-oldrel-macos-x86_64 | 1.5.9 | 50.00 | OK | |||
r-oldrel-windows-x86_64 | 1.5.9 | 13.00 | 95.00 | 108.00 | OK |
Version: 1.5.9
Check: CRAN incoming feasibility
Result: NOTE
Maintainer: ‘Donghoh Kim <donghoh.kim@gmail.com>’
Package CITATION file contains call(s) to old-style personList() or
as.personList(). Please use c() on person objects instead.
Package CITATION file contains call(s) to old-style citEntry(). Please
use bibentry() instead.
Flavors: r-devel-linux-x86_64-debian-clang, r-devel-linux-x86_64-debian-gcc