CRAN Package Check Results for Package EMDANNhybrid

Last updated on 2025-04-30 04:50:04 CEST.

Flavor Version Tinstall Tcheck Ttotal Status Flags
r-devel-linux-x86_64-debian-clang 0.2.0 8.29 100.28 108.57 NOTE
r-devel-linux-x86_64-debian-gcc 0.2.0 6.75 68.54 75.29 OK
r-devel-linux-x86_64-fedora-clang 0.2.0 159.51 OK
r-devel-linux-x86_64-fedora-gcc 0.2.0 162.08 OK
r-devel-windows-x86_64 0.2.0 11.00 105.00 116.00 OK
r-patched-linux-x86_64 0.2.0 8.73 92.81 101.54 OK
r-release-linux-x86_64 0.2.0 8.55 92.50 101.05 OK
r-release-macos-arm64 0.2.0 58.00 OK
r-release-macos-x86_64 0.2.0 131.00 OK
r-release-windows-x86_64 0.2.0 10.00 107.00 117.00 OK
r-oldrel-macos-arm64 0.2.0 48.00 OK
r-oldrel-macos-x86_64 0.2.0 84.00 OK
r-oldrel-windows-x86_64 0.2.0 13.00 139.00 152.00 OK

Check Details

Version: 0.2.0
Check: examples
Result: NOTE Examples with CPU (user + system) or elapsed time > 5s user system elapsed EMDANNhybrid 4.591 0.15 6.032 Flavor: r-devel-linux-x86_64-debian-clang