CRAN Package Check Results for Package EML

Last updated on 2025-04-30 04:50:04 CEST.

Flavor Version Tinstall Tcheck Ttotal Status Flags
r-devel-linux-x86_64-debian-clang 2.0.6.1 8.39 83.94 92.33 NOTE
r-devel-linux-x86_64-debian-gcc 2.0.6.1 6.23 57.21 63.44 NOTE
r-devel-linux-x86_64-fedora-clang 2.0.6.1 151.48 OK
r-devel-linux-x86_64-fedora-gcc 2.0.6.1 162.00 OK
r-devel-windows-x86_64 2.0.6.1 9.00 109.00 118.00 NOTE --no-vignettes
r-patched-linux-x86_64 2.0.6.1 7.34 77.17 84.51 NOTE
r-release-linux-x86_64 2.0.6.1 7.70 76.57 84.27 NOTE
r-release-macos-arm64 2.0.6.1 59.00 OK
r-release-macos-x86_64 2.0.6.1 94.00 OK
r-release-windows-x86_64 2.0.6.1 11.00 108.00 119.00 NOTE --no-vignettes
r-oldrel-macos-arm64 2.0.6.1 50.00 OK
r-oldrel-macos-x86_64 2.0.6.1 74.00 OK
r-oldrel-windows-x86_64 2.0.6.1 12.00 114.00 126.00 OK --no-vignettes

Check Details

Version: 2.0.6.1
Check: Rd cross-references
Result: NOTE Found the following Rd file(s) with Rd \link{} targets missing package anchors: write_eml.Rd: write_xml Please provide package anchors for all Rd \link{} targets not in the package itself and the base packages. Flavors: r-devel-linux-x86_64-debian-clang, r-devel-linux-x86_64-debian-gcc, r-patched-linux-x86_64, r-release-linux-x86_64

Version: 2.0.6.1
Flags: --no-vignettes
Check: Rd cross-references
Result: NOTE Found the following Rd file(s) with Rd \link{} targets missing package anchors: write_eml.Rd: write_xml Please provide package anchors for all Rd \link{} targets not in the package itself and the base packages. Flavors: r-devel-windows-x86_64, r-release-windows-x86_64