Last updated on 2025-04-30 04:50:04 CEST.
Flavor | Version | Tinstall | Tcheck | Ttotal | Status | Flags |
---|---|---|---|---|---|---|
r-devel-linux-x86_64-debian-clang | 0.9.8 | 5.02 | 65.65 | 70.67 | NOTE | |
r-devel-linux-x86_64-debian-gcc | 0.9.8 | 4.31 | 43.67 | 47.98 | OK | |
r-devel-linux-x86_64-fedora-clang | 0.9.8 | 109.81 | OK | |||
r-devel-linux-x86_64-fedora-gcc | 0.9.8 | 106.01 | OK | |||
r-devel-windows-x86_64 | 0.9.8 | 8.00 | 87.00 | 95.00 | OK | |
r-patched-linux-x86_64 | 0.9.8 | 6.53 | 62.53 | 69.06 | OK | |
r-release-linux-x86_64 | 0.9.8 | 6.01 | 62.05 | 68.06 | OK | |
r-release-macos-arm64 | 0.9.8 | 37.00 | OK | |||
r-release-macos-x86_64 | 0.9.8 | 73.00 | OK | |||
r-release-windows-x86_64 | 0.9.8 | 8.00 | 85.00 | 93.00 | OK | |
r-oldrel-macos-arm64 | 0.9.8 | 39.00 | OK | |||
r-oldrel-macos-x86_64 | 0.9.8 | 76.00 | OK | |||
r-oldrel-windows-x86_64 | 0.9.8 | 9.00 | 98.00 | 107.00 | OK |
Version: 0.9.8
Check: examples
Result: NOTE
Examples with CPU (user + system) or elapsed time > 5s
user system elapsed
get.q 3.666 0.011 5.013
Flavor: r-devel-linux-x86_64-debian-clang